t is the units digit of 296649?
9
What is the tens digit of 12954945?
4
What is the thousands digit of 902481?
2
What is the thousands digit of 9334288?
4
What is the millions digit of 8857366?
8
What is the tens digit of 1425675?
7
What is the ten thousands digit of 1384577?
8
What is the hundred thousands digit of 8134803?
1
What is the ten millions digit of 13179935?
1
What is the millions digit of 1101497?
1
What is the millions digit of 5817842?
5
What is the hundred thousands digit of 307030?
3
What is the tens digit of 28327?
2
What is the thousands digit of 45638?
5
What is the millions digit of 5155091?
5
What is the tens digit of 26851?
5
What is the tens digit of 860208?
0
What is the millions digit of 1143923?
1
What is the thousands digit of 3761341?
1
What is the ten thousands digit of 3439456?
3
What is the ten thousands digit of 193794?
9
What is the hundreds digit of 764004?
0
What is the units digit of 1389151?
1
What is the hundred thousands digit of 1557259?
5
What is the units digit of 1052766?
6
What is the hundreds digit of 3911369?
3
What is the thousands digit of 294519?
4
What is the millions digit of 3931285?
3
What is the ten thousands digit of 242458?
4
What is the hundreds digit of 5193181?
1
What is the tens digit of 22252?
5
What is the tens digit of 931931?
3
What is the hundreds digit of 141959?
9
What is the hundreds digit of 26399?
3
What is the ten thousands digit of 1939429?
3
What is the thousands digit of 9999872?
9
What is the ten thousands digit of 109711?
0
What is the millions digit of 16451885?
6
What is the millions digit of 21504052?
1
What is the hundred thousands digit of 695157?
6
What is the ten millions digit of 14193556?
1
What is the tens digit of 3824404?
0
What is the ten thousands digit of 12749721?
4
What is the thousands digit of 7145205?
5
What is the hundred thousands digit of 1976227?
9
What is the hundreds digit of 10076263?
2
What is the units digit of 650258?
8
What is the tens digit of 961902?
0
What is the ten thousands digit of 464153?
6
What is the hundred thousands digit of 7429078?
4
What is the units digit of 203896?
6
What is the units digit of 1148266?
6
What is the hundreds digit of 423412?
4
What is the thousands digit of 3018273?
8
What is the hundred thousands digit of 497973?
4
What is the units digit of 1230997?
7
What is the units digit of 1713742?
2
What is the hundred thousands digit of 4286062?
2
What is the tens digit of 372144?
4
What is the units digit of 208962?
2
What is the tens digit of 396311?
1
What is the thousands digit of 637410?
7
What is the ten thousands digit of 5001139?
0
What is the units digit of 818799?
9
What is the units digit of 1139622?
2
What is the tens digit of 5891697?
9
What is the hundreds digit of 2361263?
2
What is the hundred thousands digit of 652253?
6
What is the hundred thousands digit of 21303227?
3
What is the units digit of 15357135?
5
What is the units digit of 2670243?
3
What is the ten thousands digit of 141162?
4
What is the hundred thousands digit of 514734?
5
What is the units digit of 124741?
1
What is the hundreds digit of 26332?
3
What is the millions digit of 1117250?
1
What is the tens digit of 290295?
9
What is the thousands digit of 16032261?
2
What is the hundreds digit of 23819671?
6
What is the ten thousands digit of 21591468?
9
What is the thousands digit of 5253?
5
What is the millions digit of 3450459?
3
What is the units digit of 346312?
2
What is the hundred thousands digit of 878121?
8
What is the thousands digit of 1166841?
6
What is the tens digit of 2196501?
0
What is the hundred thousands digit of 516106?
5
What is the thousands digit of 1422052?
2
What is the thousands digit of 1123806?
3
What is the units digit of 358097?
7
What is the units digit of 16040636?
6
What is the units digit of 1179152?
2
What is the hundred thousands digit of 666289?
6
What is the ten thousands digit of 189569?
8
What is the hundred thousands digit of 239524?
2
What is the millions digit of 2871395?
2
What is the tens digit of 5878266?
6
What is the thousands digit of 369442?
9
What is the hundred thousands digit of 178525?
1
What is the thousands digit of 740210?
0
What is the thousands digit of 75700?
5
What is the ten millions digit of 14414177?
1
What is the tens digit of 981802?
0
What is the ten thousands digit of 29530857?
3
What is the units digit of 933634?
4
What is the tens digit of 1075629?
2
What is the hundred thousands digit of 9097515?
0
What is the tens digit of 864084?
8
What is the ten thousands digit of 517434?
1
What is the tens digit of 2674921?
2
What is the hundred thousands digit of 1423765?
4
What is the hundred thousands digit of 5049984?
0
What is the tens digit of 8607357?
5
What is the tens digit of 303794?
9
What is the thousands digit of 4283282?
3
What is the ten thousands digit of 9522846?
2
What is the hundreds digit of 3760414?
4
What is the hundred thousands digit of 667897?
6
What is the millions digit of 2450463?
2
What is the hundred thousands digit of 4853280?
8
What is the hundred thousands digit of 8508317?
5
What is the hundred thousands digit of 1235417?
2
What is the units digit of 169860?
0
What is the millions digit of 5978562?
5
What is the units digit of 210202?
2
What is the units digit of 2965393?
3
What is the hundreds digit of 5219107?
1
What is the hundred thousands digit of 4876413?
8
What is the tens digit of 779145?
4
What is the hundreds digit of 3032083?
0
What is the ten thousands digit of 8098085?
9
What is the units digit of 28400?
0
What is the tens digit of 836585?
8
What is the ten thousands digit of 332491?
3
What is the units digit of 206455?
5
What is the thousands digit of 149866?
9
What is the thousands digit of 10816465?
6
What is the hundreds digit of 642573?
5
What is the hundred thousands digit of 2143402?
1
What is the millions digit of 33971260?
3
What is the ten thousands digit of 1950660?
5
What is the millions digit of 4362747?
4
What is the units digit of 573897?
7
What is the ten thousands digit of 2843319?
4
What is the millions digit of 1094989?
1
What is the ten thousands digit of 180278?
8
What is the hundred thousands digit of 447350?
4
What is the hundred thousands digit of 1518744?
5
What is the ten millions digit of 33247224?
3
What is the hundred thousands digit of 866585?
8
What is the hundreds digit of 95060?
0
What is the hundred thousands digit of 19068464?
0
What is the hundred thousands digit of 1828619?
8
What is the ten thousands digit of 543339?
4
What is the tens digit of 5186247?
4
What is the thousands digit of 3161491?
1
What is the tens digit of 686030?
3
What is the hundred thousands digit of 718566?
7
What is the hundred thousands digit of 637831?
6
What is the ten thousands digit of 541362?
4
What is the tens digit of 790280?
8
What is the hundreds digit of 11444051?
0
What is the hundreds digit of 12561564?
5
What is the units digit of 2117684?
4
What is the hundreds digit of 4664?
6
What is the hundred thousands digit of 980167?
9
What is the tens digit of 5574916?
1
What is the thousands digit of 239416?
9
What is the ten thousands digit of 24357244?
5
What is the hundreds digit of 666551?
5
What is the hundreds digit of 3466742?
7
What is the tens digit of 5844?
4
What is the millions digit of 1141649?
1
What is the tens digit of 447327?
2
What is the units digit of 28257?
7
What is the thousands digit of 432359?
2
What is the hundreds digit of 6681563?
5
What is the hundreds digit of 1436667?
6
What is the tens digit of 1220139?
3
What is the thousands digit of 2045783?
5
What is the hundreds digit of 206100?
1
What is the ten millions digit of 11784823?
1
What is the hundred thousands digit of 2197840?
1
What is the hundreds digit of 1656655?
6
What is the thousands digit of 1337101?
7
What is the tens digit of 434008?
0
What is the thousands digit of 355884?
5
What is the ten thousands digit of 343448?
4
What is the hundred thousands digit of 1956676?
9
What is the thousands digit of 3713538?
3
What is the thousands digit of 1722743?
2
What is the units digit of 392509?
9
What is the units digit of 2811626?
6
What is the units digit of 964840?
0
What is the tens digit of 30124?
2
What is the hundre